{"id":739,"date":"2023-11-16T09:40:24","date_gmt":"2023-11-16T14:40:24","guid":{"rendered":"https:\/\/racines.uqam.ca\/infographiques\/"},"modified":"2024-05-01T17:50:56","modified_gmt":"2024-05-01T21:50:56","slug":"infographiques","status":"publish","type":"page","link":"https:\/\/racines.uqam.ca\/en\/infographiques\/","title":{"rendered":"Infographics"},"content":{"rendered":"\n<p>The&nbsp;<a href=\"https:\/\/www.resppa.ca\/?lang=en\" target=\"_blank\" rel=\"noreferrer noopener\">RESPPA<\/a>&nbsp;study relies on strong intersectoral and interregional collaborations between researchers and clinicians.&nbsp;Participants were recruited between October 2020 and September 2022 at one of the seven study sites (CHU Sainte-Justine; CHU de Qu\u00e9bec; CIUSSS de l&#8217;Estrie; CIUSSS du Nord-de-l&#8217;\u00eele-de-Montr\u00e9al; CIUSS Mauricie-et-du-centre-du-Qu\u00e9bec; CISSS Abitibi-T\u00e9miscamingue; CISSS Bas-Saint-Laurent).&nbsp;Participants were also recruited through advertising material on social networks (Facebook and Instagram). Here are two infographics showing the distribution of participants by region.<\/p>\n\n\n\n<div class=\"wp-block-buttons is-content-justification-center is-layout-flex wp-container-core-buttons-is-layout-16018d1d wp-block-buttons-is-layout-flex\">\n<div class=\"wp-block-button\"><a class=\"wp-block-button__link wp-element-button\" href=\"https:\/\/drive.google.com\/file\/d\/1ka6hNDOlueC76LJd_UvTni3TDF-WqHhq\/view\" target=\"_blank\" rel=\"noreferrer noopener\">Click here to view the infographic<\/a><\/div>\n<\/div>\n","protected":false},"excerpt":{"rendered":"<p>The&nbsp;RESPPA&nbsp;study relies on strong intersectoral and interregional collaborations between researchers and clinicians.&nbsp;Participants were recruited between October 2020 and September 2022 at one of the seven study sites (CHU Sainte-Justine; CHU de Qu\u00e9bec; CIUSSS de l&#8217;Estrie; CIUSSS du Nord-de-l&#8217;\u00eele-de-Montr\u00e9al; CIUSS Mauricie-et-du-centre-du-Qu\u00e9bec; CISSS Abitibi-T\u00e9miscamingue; CISSS Bas-Saint-Laurent).&nbsp;Participants were also recruited through advertising material on social networks (Facebook and [&hellip;]<\/p>\n","protected":false},"author":9,"featured_media":0,"parent":0,"menu_order":0,"comment_status":"closed","ping_status":"closed","template":"","meta":{"footnotes":""},"categories":[],"class_list":["post-739","page","type-page","status-publish","hentry"],"yoast_head":"<!-- This site is optimized with the Yoast SEO Premium plugin v27.4 (Yoast SEO v27.5) - https:\/\/yoast.com\/product\/yoast-seo-premium-wordpress\/ -->\n<title>Infographics | Labo RACINES : R\u00e9silience et sAnt\u00e9 psyChologique \u00e0 la p\u00e9riode p\u00e9rInatale, \u00e0 l\u2019enfaNce et l\u2019adolEScence | UQAM<\/title>\n<meta name=\"robots\" content=\"index, follow, max-snippet:-1, max-image-preview:large, max-video-preview:-1\" \/>\n<link rel=\"canonical\" href=\"https:\/\/racines.uqam.ca\/en\/infographiques\/\" \/>\n<meta property=\"og:locale\" content=\"en_US\" \/>\n<meta property=\"og:type\" content=\"article\" \/>\n<meta property=\"og:title\" content=\"Infographics\" \/>\n<meta property=\"og:description\" content=\"The&nbsp;RESPPA&nbsp;study relies on strong intersectoral and interregional collaborations between researchers and clinicians.&nbsp;Participants were recruited between October 2020 and September 2022 at one of the seven study sites (CHU Sainte-Justine; CHU de Qu\u00e9bec; CIUSSS de l&#8217;Estrie; CIUSSS du Nord-de-l&#8217;\u00eele-de-Montr\u00e9al; CIUSS Mauricie-et-du-centre-du-Qu\u00e9bec; CISSS Abitibi-T\u00e9miscamingue; CISSS Bas-Saint-Laurent).&nbsp;Participants were also recruited through advertising material on social networks (Facebook and [&hellip;]\" \/>\n<meta property=\"og:url\" content=\"https:\/\/racines.uqam.ca\/en\/infographiques\/\" \/>\n<meta property=\"og:site_name\" content=\"Labo RACINES : R\u00e9silience et sAnt\u00e9 psyChologique \u00e0 la p\u00e9riode p\u00e9rInatale, \u00e0 l\u2019enfaNce et l\u2019adolEScence\" \/>\n<meta property=\"article:modified_time\" content=\"2024-05-01T21:50:56+00:00\" \/>\n<meta name=\"twitter:card\" content=\"summary_large_image\" \/>\n<meta name=\"twitter:label1\" content=\"Est. reading time\" \/>\n\t<meta name=\"twitter:data1\" content=\"1 minute\" \/>\n<script type=\"application\/ld+json\" class=\"yoast-schema-graph\">{\"@context\":\"https:\\\/\\\/schema.org\",\"@graph\":[{\"@type\":\"WebPage\",\"@id\":\"https:\\\/\\\/racines.uqam.ca\\\/en\\\/infographiques\\\/\",\"url\":\"https:\\\/\\\/racines.uqam.ca\\\/en\\\/infographiques\\\/\",\"name\":\"Infographics | Labo RACINES : R\u00e9silience et sAnt\u00e9 psyChologique \u00e0 la p\u00e9riode p\u00e9rInatale, \u00e0 l\u2019enfaNce et l\u2019adolEScence | UQAM\",\"isPartOf\":{\"@id\":\"https:\\\/\\\/racines.uqam.ca\\\/#website\"},\"datePublished\":\"2023-11-16T14:40:24+00:00\",\"dateModified\":\"2024-05-01T21:50:56+00:00\",\"breadcrumb\":{\"@id\":\"https:\\\/\\\/racines.uqam.ca\\\/en\\\/infographiques\\\/#breadcrumb\"},\"inLanguage\":\"en-US\",\"potentialAction\":[{\"@type\":\"ReadAction\",\"target\":[\"https:\\\/\\\/racines.uqam.ca\\\/en\\\/infographiques\\\/\"]}]},{\"@type\":\"BreadcrumbList\",\"@id\":\"https:\\\/\\\/racines.uqam.ca\\\/en\\\/infographiques\\\/#breadcrumb\",\"itemListElement\":[{\"@type\":\"ListItem\",\"position\":1,\"name\":\"UQAM\",\"item\":\"https:\\\/\\\/uqam.ca\"},{\"@type\":\"ListItem\",\"position\":2,\"name\":\"Labo RACINES\",\"item\":\"https:\\\/\\\/racines.uqam.ca\\\/en\\\/\"},{\"@type\":\"ListItem\",\"position\":3,\"name\":\"Infographics\"}]},{\"@type\":\"WebSite\",\"@id\":\"https:\\\/\\\/racines.uqam.ca\\\/#website\",\"url\":\"https:\\\/\\\/racines.uqam.ca\\\/\",\"name\":\"Labo RACINES : R\u00e9silience et sAnt\u00e9 psyChologique \u00e0 la p\u00e9riode p\u00e9rInatale, \u00e0 l\u2019enfaNce et l\u2019adolEScence\",\"description\":\"\",\"publisher\":{\"@id\":\"https:\\\/\\\/racines.uqam.ca\\\/#organization\"},\"potentialAction\":[{\"@type\":\"SearchAction\",\"target\":{\"@type\":\"EntryPoint\",\"urlTemplate\":\"https:\\\/\\\/racines.uqam.ca\\\/en\\\/\\\/recherche\\\/?q={search_term_string}\"},\"query-input\":{\"@type\":\"PropertyValueSpecification\",\"valueRequired\":true,\"valueName\":\"search_term_string\"}}],\"inLanguage\":\"en-US\",\"alternateName\":\"Labo RACINES\"},{\"@type\":\"Organization\",\"@id\":\"https:\\\/\\\/racines.uqam.ca\\\/#organization\",\"name\":\"Labo RACINES\",\"url\":\"https:\\\/\\\/racines.uqam.ca\\\/\",\"logo\":{\"@type\":\"ImageObject\",\"inLanguage\":\"en-US\",\"@id\":\"https:\\\/\\\/racines.uqam.ca\\\/#\\\/schema\\\/logo\\\/image\\\/\",\"url\":\"https:\\\/\\\/gabarit-adaptatif.uqam.ca\\\/statique\\\/images\\\/logo-uqam.jpg\",\"contentUrl\":\"\",\"caption\":\"Labo RACINES\"},\"image\":{\"@id\":\"https:\\\/\\\/racines.uqam.ca\\\/#\\\/schema\\\/logo\\\/image\\\/\"},\"alternateName\":\"Labo RACINES\",\"parentOrganization\":{\"@type\":\"EducationalOrganization\",\"@id\":\"https:\\\/\\\/uqam.ca\\\/#organization\",\"name\":\"Universit\u00e9 du Qu\u00e9bec \u00e0 Montr\u00e9al\",\"url\":\"https:\\\/\\\/uqam.ca\",\"alternateName\":\"UQAM\",\"logo\":\"https:\\\/\\\/gabarit-adaptatif.uqam.ca\\\/statique\\\/images\\\/logo-uqam.jpg\"}}]}<\/script>\n<!-- \/ Yoast SEO Premium plugin. -->","yoast_head_json":{"title":"Infographics | Labo RACINES : R\u00e9silience et sAnt\u00e9 psyChologique \u00e0 la p\u00e9riode p\u00e9rInatale, \u00e0 l\u2019enfaNce et l\u2019adolEScence | UQAM","robots":{"index":"index","follow":"follow","max-snippet":"max-snippet:-1","max-image-preview":"max-image-preview:large","max-video-preview":"max-video-preview:-1"},"canonical":"https:\/\/racines.uqam.ca\/en\/infographiques\/","og_locale":"en_US","og_type":"article","og_title":"Infographics","og_description":"The&nbsp;RESPPA&nbsp;study relies on strong intersectoral and interregional collaborations between researchers and clinicians.&nbsp;Participants were recruited between October 2020 and September 2022 at one of the seven study sites (CHU Sainte-Justine; CHU de Qu\u00e9bec; CIUSSS de l&#8217;Estrie; CIUSSS du Nord-de-l&#8217;\u00eele-de-Montr\u00e9al; CIUSS Mauricie-et-du-centre-du-Qu\u00e9bec; CISSS Abitibi-T\u00e9miscamingue; CISSS Bas-Saint-Laurent).&nbsp;Participants were also recruited through advertising material on social networks (Facebook and [&hellip;]","og_url":"https:\/\/racines.uqam.ca\/en\/infographiques\/","og_site_name":"Labo RACINES : R\u00e9silience et sAnt\u00e9 psyChologique \u00e0 la p\u00e9riode p\u00e9rInatale, \u00e0 l\u2019enfaNce et l\u2019adolEScence","article_modified_time":"2024-05-01T21:50:56+00:00","twitter_card":"summary_large_image","twitter_misc":{"Est. reading time":"1 minute"},"schema":{"@context":"https:\/\/schema.org","@graph":[{"@type":"WebPage","@id":"https:\/\/racines.uqam.ca\/en\/infographiques\/","url":"https:\/\/racines.uqam.ca\/en\/infographiques\/","name":"Infographics | Labo RACINES : R\u00e9silience et sAnt\u00e9 psyChologique \u00e0 la p\u00e9riode p\u00e9rInatale, \u00e0 l\u2019enfaNce et l\u2019adolEScence | UQAM","isPartOf":{"@id":"https:\/\/racines.uqam.ca\/#website"},"datePublished":"2023-11-16T14:40:24+00:00","dateModified":"2024-05-01T21:50:56+00:00","breadcrumb":{"@id":"https:\/\/racines.uqam.ca\/en\/infographiques\/#breadcrumb"},"inLanguage":"en-US","potentialAction":[{"@type":"ReadAction","target":["https:\/\/racines.uqam.ca\/en\/infographiques\/"]}]},{"@type":"BreadcrumbList","@id":"https:\/\/racines.uqam.ca\/en\/infographiques\/#breadcrumb","itemListElement":[{"@type":"ListItem","position":1,"name":"UQAM","item":"https:\/\/uqam.ca"},{"@type":"ListItem","position":2,"name":"Labo RACINES","item":"https:\/\/racines.uqam.ca\/en\/"},{"@type":"ListItem","position":3,"name":"Infographics"}]},{"@type":"WebSite","@id":"https:\/\/racines.uqam.ca\/#website","url":"https:\/\/racines.uqam.ca\/","name":"Labo RACINES : R\u00e9silience et sAnt\u00e9 psyChologique \u00e0 la p\u00e9riode p\u00e9rInatale, \u00e0 l\u2019enfaNce et l\u2019adolEScence","description":"","publisher":{"@id":"https:\/\/racines.uqam.ca\/#organization"},"potentialAction":[{"@type":"SearchAction","target":{"@type":"EntryPoint","urlTemplate":"https:\/\/racines.uqam.ca\/en\/\/recherche\/?q={search_term_string}"},"query-input":{"@type":"PropertyValueSpecification","valueRequired":true,"valueName":"search_term_string"}}],"inLanguage":"en-US","alternateName":"Labo RACINES"},{"@type":"Organization","@id":"https:\/\/racines.uqam.ca\/#organization","name":"Labo RACINES","url":"https:\/\/racines.uqam.ca\/","logo":{"@type":"ImageObject","inLanguage":"en-US","@id":"https:\/\/racines.uqam.ca\/#\/schema\/logo\/image\/","url":"https:\/\/gabarit-adaptatif.uqam.ca\/statique\/images\/logo-uqam.jpg","contentUrl":"","caption":"Labo RACINES"},"image":{"@id":"https:\/\/racines.uqam.ca\/#\/schema\/logo\/image\/"},"alternateName":"Labo RACINES","parentOrganization":{"@type":"EducationalOrganization","@id":"https:\/\/uqam.ca\/#organization","name":"Universit\u00e9 du Qu\u00e9bec \u00e0 Montr\u00e9al","url":"https:\/\/uqam.ca","alternateName":"UQAM","logo":"https:\/\/gabarit-adaptatif.uqam.ca\/statique\/images\/logo-uqam.jpg"}}]}},"_links":{"self":[{"href":"https:\/\/racines.uqam.ca\/en\/wp-json\/wp\/v2\/pages\/739","targetHints":{"allow":["GET"]}}],"collection":[{"href":"https:\/\/racines.uqam.ca\/en\/wp-json\/wp\/v2\/pages"}],"about":[{"href":"https:\/\/racines.uqam.ca\/en\/wp-json\/wp\/v2\/types\/page"}],"author":[{"embeddable":true,"href":"https:\/\/racines.uqam.ca\/en\/wp-json\/wp\/v2\/users\/9"}],"replies":[{"embeddable":true,"href":"https:\/\/racines.uqam.ca\/en\/wp-json\/wp\/v2\/comments?post=739"}],"version-history":[{"count":5,"href":"https:\/\/racines.uqam.ca\/en\/wp-json\/wp\/v2\/pages\/739\/revisions"}],"predecessor-version":[{"id":748,"href":"https:\/\/racines.uqam.ca\/en\/wp-json\/wp\/v2\/pages\/739\/revisions\/748"}],"wp:attachment":[{"href":"https:\/\/racines.uqam.ca\/en\/wp-json\/wp\/v2\/media?parent=739"}],"wp:term":[{"taxonomy":"category","embeddable":true,"href":"https:\/\/racines.uqam.ca\/en\/wp-json\/wp\/v2\/categories?post=739"}],"curies":[{"name":"wp","href":"https:\/\/api.w.org\/{rel}","templated":true}]}}

<p>The&nbsp;<a href="https://www.resppa.ca/?lang=en" target="_blank" rel="noreferrer noopener">RESPPA</a>&nbsp;study relies on strong intersectoral and interregional collaborations between researchers and clinicians.&nbsp;Participants were recruited between October 2020 and September 2022 at one of the seven study sites (CHU Sainte-Justine; CHU de Québec; CIUSSS de l&#8217;Estrie; CIUSSS du Nord-de-l&#8217;île-de-Montréal; CIUSS Mauricie-et-du-centre-du-Québec; CISSS Abitibi-Témiscamingue; CISSS Bas-Saint-Laurent).&nbsp;Participants were also recruited through advertising material on social networks (Facebook and Instagram). Here are two infographics showing the distribution of participants by region.</p>



<div class="wp-block-buttons is-content-justification-center is-layout-flex wp-container-core-buttons-is-layout-16018d1d wp-block-buttons-is-layout-flex">
<div class="wp-block-button"><a class="wp-block-button__link wp-element-button" href="https://drive.google.com/file/d/1ka6hNDOlueC76LJd_UvTni3TDF-WqHhq/view" target="_blank" rel="noreferrer noopener">Click here to view the infographic</a></div>
</div>

<p>The&nbsp;RESPPA&nbsp;study relies on strong intersectoral and interregional collaborations between researchers and clinicians.&nbsp;Participants were recruited between October 2020 and September 2022 at one of the seven study sites (CHU Sainte-Justine; CHU de Québec; CIUSSS de l&#8217;Estrie; CIUSSS du Nord-de-l&#8217;île-de-Montréal; CIUSS Mauricie-et-du-centre-du-Québec; CISSS Abitibi-Témiscamingue; CISSS Bas-Saint-Laurent).&nbsp;Participants were also recruited through advertising material on social networks (Facebook and [&hellip;]</p>

<!-- This site is optimized with the Yoast SEO Premium plugin v27.4 (Yoast SEO v27.5) - https://yoast.com/product/yoast-seo-premium-wordpress/ -->
<title>Infographics | Labo RACINES : Résilience et sAnté psyChologique à la période pérInatale, à l’enfaNce et l’adolEScence | UQAM</title>
<meta name="robots" content="index, follow, max-snippet:-1, max-image-preview:large, max-video-preview:-1" />
<link rel="canonical" href="https://racines.uqam.ca/en/infographiques/" />
<meta property="og:locale" content="en_US" />
<meta property="og:type" content="article" />
<meta property="og:title" content="Infographics" />
<meta property="og:description" content="The&nbsp;RESPPA&nbsp;study relies on strong intersectoral and interregional collaborations between researchers and clinicians.&nbsp;Participants were recruited between October 2020 and September 2022 at one of the seven study sites (CHU Sainte-Justine; CHU de Québec; CIUSSS de l&#8217;Estrie; CIUSSS du Nord-de-l&#8217;île-de-Montréal; CIUSS Mauricie-et-du-centre-du-Québec; CISSS Abitibi-Témiscamingue; CISSS Bas-Saint-Laurent).&nbsp;Participants were also recruited through advertising material on social networks (Facebook and [&hellip;]" />
<meta property="og:url" content="https://racines.uqam.ca/en/infographiques/" />
<meta property="og:site_name" content="Labo RACINES : Résilience et sAnté psyChologique à la période pérInatale, à l’enfaNce et l’adolEScence" />
<meta property="article:modified_time" content="2024-05-01T21:50:56+00:00" />
<meta name="twitter:card" content="summary_large_image" />
<meta name="twitter:label1" content="Est. reading time" />
	<meta name="twitter:data1" content="1 minute" />
<script type="application/ld+json" class="yoast-schema-graph">{"@context":"https:\/\/schema.org","@graph":[{"@type":"WebPage","@id":"https:\/\/racines.uqam.ca\/en\/infographiques\/","url":"https:\/\/racines.uqam.ca\/en\/infographiques\/","name":"Infographics | Labo RACINES : Résilience et sAnté psyChologique à la période pérInatale, à l’enfaNce et l’adolEScence | UQAM","isPartOf":{"@id":"https:\/\/racines.uqam.ca\/#website"},"datePublished":"2023-11-16T14:40:24+00:00","dateModified":"2024-05-01T21:50:56+00:00","breadcrumb":{"@id":"https:\/\/racines.uqam.ca\/en\/infographiques\/#breadcrumb"},"inLanguage":"en-US","potentialAction":[{"@type":"ReadAction","target":["https:\/\/racines.uqam.ca\/en\/infographiques\/"]}]},{"@type":"BreadcrumbList","@id":"https:\/\/racines.uqam.ca\/en\/infographiques\/#breadcrumb","itemListElement":[{"@type":"ListItem","position":1,"name":"UQAM","item":"https:\/\/uqam.ca"},{"@type":"ListItem","position":2,"name":"Labo RACINES","item":"https:\/\/racines.uqam.ca\/en\/"},{"@type":"ListItem","position":3,"name":"Infographics"}]},{"@type":"WebSite","@id":"https:\/\/racines.uqam.ca\/#website","url":"https:\/\/racines.uqam.ca\/","name":"Labo RACINES : Résilience et sAnté psyChologique à la période pérInatale, à l’enfaNce et l’adolEScence","description":"","publisher":{"@id":"https:\/\/racines.uqam.ca\/#organization"},"potentialAction":[{"@type":"SearchAction","target":{"@type":"EntryPoint","urlTemplate":"https:\/\/racines.uqam.ca\/en\/\/recherche\/?q={search_term_string}"},"query-input":{"@type":"PropertyValueSpecification","valueRequired":true,"valueName":"search_term_string"}}],"inLanguage":"en-US","alternateName":"Labo RACINES"},{"@type":"Organization","@id":"https:\/\/racines.uqam.ca\/#organization","name":"Labo RACINES","url":"https:\/\/racines.uqam.ca\/","logo":{"@type":"ImageObject","inLanguage":"en-US","@id":"https:\/\/racines.uqam.ca\/#\/schema\/logo\/image\/","url":"https:\/\/gabarit-adaptatif.uqam.ca\/statique\/images\/logo-uqam.jpg","contentUrl":"","caption":"Labo RACINES"},"image":{"@id":"https:\/\/racines.uqam.ca\/#\/schema\/logo\/image\/"},"alternateName":"Labo RACINES","parentOrganization":{"@type":"EducationalOrganization","@id":"https:\/\/uqam.ca\/#organization","name":"Université du Québec à Montréal","url":"https:\/\/uqam.ca","alternateName":"UQAM","logo":"https:\/\/gabarit-adaptatif.uqam.ca\/statique\/images\/logo-uqam.jpg"}}]}</script>
<!-- / Yoast SEO Premium plugin. -->

Infographics | Labo RACINES : Résilience et sAnté psyChologique à la période pérInatale, à l’enfaNce et l’adolEScence | UQAM

The&nbsp;RESPPA&nbsp;study relies on strong intersectoral and interregional collaborations between researchers and clinicians.&nbsp;Participants were recruited between October 2020 and September 2022 at one of the seven study sites (CHU Sainte-Justine; CHU de Québec; CIUSSS de l&#8217;Estrie; CIUSSS du Nord-de-l&#8217;île-de-Montréal; CIUSS Mauricie-et-du-centre-du-Québec; CISSS Abitibi-Témiscamingue; CISSS Bas-Saint-Laurent).&nbsp;Participants were also recruited through advertising material on social networks (Facebook and [&hellip;]

Labo RACINES : Résilience et sAnté psyChologique à la période pérInatale, à l’enfaNce et l’adolEScence

Université du Québec à Montréal
